{"id":5650,"date":"2022-07-25T10:42:39","date_gmt":"2022-07-25T08:42:39","guid":{"rendered":"https:\/\/mika-kuechen.de\/?page_id=5650"},"modified":"2023-04-16T13:56:53","modified_gmt":"2023-04-16T11:56:53","slug":"nobilia","status":"publish","type":"page","link":"https:\/\/mika-kuechen.de\/?page_id=5650","title":{"rendered":"Nobilia"},"content":{"rendered":"\t\t<div data-elementor-type=\"page\" data-elementor-id=\"5650\" class=\"elementor elementor-5650\" data-elementor-settings=\"{&quot;ha_cmc_init_switcher&quot;:&quot;no&quot;}\">\n\t\t\t\t\t\t<section class=\"elementor-section elementor-top-section elementor-element elementor-element-7629f7e4 elementor-section-height-min-height elementor-section-boxed elementor-section-height-default elementor-section-items-middle wpr-particle-no wpr-jarallax-no wpr-parallax-no wpr-sticky-section-no\" data-id=\"7629f7e4\" data-element_type=\"section\" data-e-type=\"section\" data-settings=\"{&quot;background_background&quot;:&quot;classic&quot;,&quot;_ha_eqh_enable&quot;:false}\">\n\t\t\t\t\t\t<div class=\"elementor-container elementor-column-gap-default\">\n\t\t\t\t\t<div class=\"elementor-column elementor-col-100 elementor-top-column elementor-element elementor-element-33fa42cd elementor-invisible\" data-id=\"33fa42cd\" data-element_type=\"column\" data-e-type=\"column\" data-settings=\"{&quot;animation&quot;:&quot;fadeInRight&quot;}\">\n\t\t\t<div class=\"elementor-widget-wrap\">\n\t\t\t\t\t\t\t<\/div>\n\t\t<\/div>\n\t\t\t\t\t<\/div>\n\t\t<\/section>\n\t\t\t\t<section class=\"elementor-section elementor-top-section elementor-element elementor-element-8ebd804 elementor-reverse-mobile elementor-section-boxed elementor-section-height-default elementor-section-height-default wpr-particle-no wpr-jarallax-no wpr-parallax-no wpr-sticky-section-no\" data-id=\"8ebd804\" data-element_type=\"section\" data-e-type=\"section\" data-settings=\"{&quot;_ha_eqh_enable&quot;:false}\">\n\t\t\t\t\t\t<div class=\"elementor-container elementor-column-gap-default\">\n\t\t\t\t\t<div class=\"elementor-column elementor-col-50 elementor-top-column elementor-element elementor-element-aaa5bb5 animated-slow elementor-invisible\" data-id=\"aaa5bb5\" data-element_type=\"column\" data-e-type=\"column\" data-settings=\"{&quot;animation&quot;:&quot;slideInLeft&quot;}\">\n\t\t\t<div class=\"elementor-widget-wrap elementor-element-populated\">\n\t\t\t\t\t\t<div class=\"elementor-element elementor-element-2f3e9baf elementor-widget elementor-widget-image\" data-id=\"2f3e9baf\" data-element_type=\"widget\" data-e-type=\"widget\" data-widget_type=\"image.default\">\n\t\t\t\t<div class=\"elementor-widget-container\">\n\t\t\t\t\t\t\t\t\t\t\t\t\t\t\t<img fetchpriority=\"high\" decoding=\"async\" width=\"555\" height=\"545\" src=\"https:\/\/mika-kuechen.de\/wp-content\/uploads\/2022\/07\/design-image-1.png\" class=\"attachment-large size-large wp-image-5653\" alt=\"\" srcset=\"https:\/\/mika-kuechen.de\/wp-content\/uploads\/2022\/07\/design-image-1.png 555w, https:\/\/mika-kuechen.de\/wp-content\/uploads\/2022\/07\/design-image-1-300x295.png 300w\" sizes=\"(max-width: 555px) 100vw, 555px\" \/>\t\t\t\t\t\t\t\t\t\t\t\t\t\t\t<\/div>\n\t\t\t\t<\/div>\n\t\t\t\t\t<\/div>\n\t\t<\/div>\n\t\t\t\t<div class=\"elementor-column elementor-col-50 elementor-top-column elementor-element elementor-element-426d433a animated-slow elementor-invisible\" data-id=\"426d433a\" data-element_type=\"column\" data-e-type=\"column\" data-settings=\"{&quot;animation&quot;:&quot;slideInRight&quot;}\">\n\t\t\t<div class=\"elementor-widget-wrap elementor-element-populated\">\n\t\t\t\t\t\t<div class=\"elementor-element elementor-element-af21339 elementor-view-default elementor-widget elementor-widget-icon\" data-id=\"af21339\" data-element_type=\"widget\" data-e-type=\"widget\" data-widget_type=\"icon.default\">\n\t\t\t\t<div class=\"elementor-widget-container\">\n\t\t\t\t\t\t\t<div class=\"elementor-icon-wrapper\">\n\t\t\t<div class=\"elementor-icon\">\n\t\t\t<i aria-hidden=\"true\" class=\"icon icon-quote2\"><\/i>\t\t\t<\/div>\n\t\t<\/div>\n\t\t\t\t\t\t<\/div>\n\t\t\t\t<\/div>\n\t\t\t\t<div class=\"elementor-element elementor-element-75a3e015 elementor-widget elementor-widget-heading\" data-id=\"75a3e015\" data-element_type=\"widget\" data-e-type=\"widget\" data-widget_type=\"heading.default\">\n\t\t\t\t<div class=\"elementor-widget-container\">\n\t\t\t\t\t<h2 class=\"elementor-heading-title elementor-size-default\">Anti-Fingerprint-Beschichtung<\/h2>\t\t\t\t<\/div>\n\t\t\t\t<\/div>\n\t\t\t\t<div class=\"elementor-element elementor-element-68a4ef4 elementor-widget elementor-widget-text-editor\" data-id=\"68a4ef4\" data-element_type=\"widget\" data-e-type=\"widget\" data-widget_type=\"text-editor.default\">\n\t\t\t\t<div class=\"elementor-widget-container\">\n\t\t\t\t\t\t\t\t\t<h1 class=\"lead text-center\">Machen Sie sich keine Gedanken mehr um l\u00e4stige Fingerabdr\u00fccke. Die angesagten Fronten der Easytouch-Serie und die Natura Eiche Montreal Nachbildung sind mit einer innovativen Oberfl\u00e4chen-Beschichtung veredelt. Auf diese Weise bleiben die Fronten l\u00e4nger sauber und lassen sich besser reinigen.<\/h1>\t\t\t\t\t\t\t\t<\/div>\n\t\t\t\t<\/div>\n\t\t\t\t<div class=\"elementor-element elementor-element-728ae483 elementor-icon-list--layout-traditional elementor-list-item-link-full_width elementor-widget elementor-widget-icon-list\" data-id=\"728ae483\" data-element_type=\"widget\" data-e-type=\"widget\" data-widget_type=\"icon-list.default\">\n\t\t\t\t<div class=\"elementor-widget-container\">\n\t\t\t\t\t\t\t<ul class=\"elementor-icon-list-items\">\n\t\t\t\t\t\t\t<li class=\"elementor-icon-list-item\">\n\t\t\t\t\t\t\t\t\t\t\t<span class=\"elementor-icon-list-icon\">\n\t\t\t\t\t\t\t<i aria-hidden=\"true\" class=\"icon icon-quote\"><\/i>\t\t\t\t\t\t<\/span>\n\t\t\t\t\t\t\t\t\t\t<span class=\"elementor-icon-list-text\">Eigenschaften, die \u00fcberzeugen.<\/span>\n\t\t\t\t\t\t\t\t\t<\/li>\n\t\t\t\t\t\t<\/ul>\n\t\t\t\t\t\t<\/div>\n\t\t\t\t<\/div>\n\t\t\t\t\t<\/div>\n\t\t<\/div>\n\t\t\t\t\t<\/div>\n\t\t<\/section>\n\t\t\t\t<section class=\"elementor-section elementor-top-section elementor-element elementor-element-5af2876 elementor-section-full_width elementor-section-content-middle elementor-section-height-default elementor-section-height-default wpr-particle-no wpr-jarallax-no wpr-parallax-no wpr-sticky-section-no\" data-id=\"5af2876\" data-element_type=\"section\" data-e-type=\"section\" data-settings=\"{&quot;background_background&quot;:&quot;classic&quot;,&quot;_ha_eqh_enable&quot;:false}\">\n\t\t\t\t\t\t<div class=\"elementor-container elementor-column-gap-no\">\n\t\t\t\t\t<div class=\"elementor-column elementor-col-33 elementor-top-column elementor-element elementor-element-a0b774f\" data-id=\"a0b774f\" data-element_type=\"column\" data-e-type=\"column\" data-settings=\"{&quot;background_background&quot;:&quot;classic&quot;}\">\n\t\t\t<div class=\"elementor-widget-wrap\">\n\t\t\t\t\t\t\t<\/div>\n\t\t<\/div>\n\t\t\t\t<div class=\"elementor-column elementor-col-33 elementor-top-column elementor-element elementor-element-097d805\" data-id=\"097d805\" data-element_type=\"column\" data-e-type=\"column\" data-settings=\"{&quot;background_background&quot;:&quot;classic&quot;}\">\n\t\t\t<div class=\"elementor-widget-wrap elementor-element-populated\">\n\t\t\t\t\t\t<div class=\"elementor-element elementor-element-296cd9a elementor-widget elementor-widget-menu-anchor\" data-id=\"296cd9a\" data-element_type=\"widget\" data-e-type=\"widget\" data-widget_type=\"menu-anchor.default\">\n\t\t\t\t<div class=\"elementor-widget-container\">\n\t\t\t\t\t\t\t<div class=\"elementor-menu-anchor\" id=\"hgal\"><\/div>\n\t\t\t\t\t\t<\/div>\n\t\t\t\t<\/div>\n\t\t\t\t<div class=\"elementor-element elementor-element-ab108c0 elementor-widget elementor-widget-elementskit-heading\" data-id=\"ab108c0\" data-element_type=\"widget\" data-e-type=\"widget\" data-widget_type=\"elementskit-heading.default\">\n\t\t\t\t<div class=\"elementor-widget-container\">\n\t\t\t\t\t<div class=\"ekit-wid-con\" ><div class=\"ekit-heading elementskit-section-title-wraper text_left   ekit_heading_tablet-   ekit_heading_mobile-\"><h4 class=\"elementskit-section-subtitle  \">\n\t\t\t\t\t\tNobilia Kataloge\n\t\t\t\t\t<\/h4><\/div><\/div>\t\t\t\t<\/div>\n\t\t\t\t<\/div>\n\t\t\t\t<div class=\"elementor-element elementor-element-8177d38 elementor-widget-divider--view-line elementor-widget elementor-widget-divider\" data-id=\"8177d38\" data-element_type=\"widget\" data-e-type=\"widget\" data-widget_type=\"divider.default\">\n\t\t\t\t<div class=\"elementor-widget-container\">\n\t\t\t\t\t\t\t<div class=\"elementor-divider\">\n\t\t\t<span class=\"elementor-divider-separator\">\n\t\t\t\t\t\t<\/span>\n\t\t<\/div>\n\t\t\t\t\t\t<\/div>\n\t\t\t\t<\/div>\n\t\t\t\t<div class=\"elementor-element elementor-element-16a8608 ha-has-bg-overlay elementor-widget elementor-widget-shortcode\" data-id=\"16a8608\" data-element_type=\"widget\" data-e-type=\"widget\" data-widget_type=\"shortcode.default\">\n\t\t\t\t<div class=\"elementor-widget-container\">\n\t\t\t\t\t\t\t<div class=\"elementor-shortcode\"><center>\n <div class=\"_df_thumb \" id=\"df_5654\"  wpoptions=\"true\" thumb=\"https:\/\/mika-kuechen.de\/wp-content\/uploads\/2022\/10\/Kuechenjournal_nobilia_2023_1-scaled.jpg\" >K\u00fcchenjournal 2022<\/div><script data-cfasync=\"false\">var option_df_5654 = {\"outline\":[{\"title\":\"\",\"dest\":\"\"}],\"forceFit\":\"true\",\"autoEnableOutline\":\"false\",\"autoEnableThumbnail\":\"false\",\"overwritePDFOutline\":\"false\",\"direction\":\"1\",\"pageMode\":\"0\",\"source\":\"https:\\\/\\\/mika-kuechen.de\\\/wp-content\\\/uploads\\\/2022\\\/10\\\/Kuechenjournal_nobilia_2023.pdf\",\"wpOptions\":\"true\"}; if(window.DFLIP && DFLIP.parseBooks){DFLIP.parseBooks();}<\/script>\n  &nbsp; &nbsp; &nbsp; &nbsp;\n <div class=\"_df_thumb \" id=\"df_5657\"  wpoptions=\"true\" thumb=\"https:\/\/mika-kuechen.de\/wp-content\/uploads\/2022\/07\/nobilia_HWR_Broschuere_D_EN_1-scaled.jpg\" >Hauswirtschaftsraum<\/div><script data-cfasync=\"false\">var option_df_5657 = {\"outline\":[{\"title\":\"\",\"dest\":\"\"}],\"forceFit\":\"true\",\"autoEnableOutline\":\"false\",\"autoEnableThumbnail\":\"false\",\"overwritePDFOutline\":\"false\",\"direction\":\"1\",\"pageMode\":\"0\",\"source\":\"https:\\\/\\\/mika-kuechen.de\\\/wp-content\\\/uploads\\\/2022\\\/07\\\/nobilia_HWR_Broschuere_D_EN.pdf\",\"wpOptions\":\"true\"}; if(window.DFLIP && DFLIP.parseBooks){DFLIP.parseBooks();}<\/script> \n&nbsp; &nbsp; &nbsp; &nbsp;\n <div class=\"_df_thumb \" id=\"df_5660\"  wpoptions=\"true\" thumb=\"https:\/\/mika-kuechen.de\/wp-content\/uploads\/2022\/07\/nobilia_gestaltungsuebersicht_DE_FR_NL_1-scaled.jpg\" >Gestaltungs\u00fcebersicht<\/div><script data-cfasync=\"false\">var option_df_5660 = {\"outline\":[{\"title\":\"\",\"dest\":\"\"}],\"forceFit\":\"true\",\"autoEnableOutline\":\"false\",\"autoEnableThumbnail\":\"false\",\"overwritePDFOutline\":\"false\",\"direction\":\"1\",\"pageMode\":\"0\",\"source\":\"https:\\\/\\\/mika-kuechen.de\\\/wp-content\\\/uploads\\\/2022\\\/07\\\/nobilia_gestaltungsuebersicht_DE_FR_NL.pdf\",\"wpOptions\":\"true\"}; if(window.DFLIP && DFLIP.parseBooks){DFLIP.parseBooks();}<\/script> \n\n&nbsp; &nbsp; &nbsp; &nbsp;\n <div class=\"_df_thumb \" id=\"df_5683\"  wpoptions=\"true\" thumb=\"https:\/\/mika-kuechen.de\/wp-content\/uploads\/2022\/10\/Wohnmagazin_nobilia_2023_1-scaled.jpg\" >Wohnwelten<\/div><script data-cfasync=\"false\">var option_df_5683 = {\"outline\":[{\"title\":\"\",\"dest\":\"\"}],\"forceFit\":\"true\",\"autoEnableOutline\":\"false\",\"autoEnableThumbnail\":\"false\",\"overwritePDFOutline\":\"false\",\"direction\":\"1\",\"pageMode\":\"0\",\"source\":\"https:\\\/\\\/mika-kuechen.de\\\/wp-content\\\/uploads\\\/2022\\\/10\\\/Wohnmagazin_nobilia_2023.pdf\",\"wpOptions\":\"true\"}; if(window.DFLIP && DFLIP.parseBooks){DFLIP.parseBooks();}<\/script> \n\n&nbsp; &nbsp; &nbsp; &nbsp;\n <div class=\"_df_thumb \" id=\"df_5687\"  wpoptions=\"true\" thumb=\"https:\/\/mika-kuechen.de\/wp-content\/uploads\/2022\/10\/Badmagazin_nobilia_2023_1-scaled.jpg\" >B\u00e4der<\/div><script data-cfasync=\"false\">var option_df_5687 = {\"outline\":[{\"title\":\"\",\"dest\":\"\"}],\"forceFit\":\"true\",\"autoEnableOutline\":\"false\",\"autoEnableThumbnail\":\"false\",\"overwritePDFOutline\":\"false\",\"direction\":\"1\",\"pageMode\":\"0\",\"source\":\"https:\\\/\\\/mika-kuechen.de\\\/wp-content\\\/uploads\\\/2022\\\/10\\\/Badmagazin_nobilia_2023-1.pdf\",\"wpOptions\":\"true\"}; if(window.DFLIP && DFLIP.parseBooks){DFLIP.parseBooks();}<\/script> \n\n<\/center><\/div>\n\t\t\t\t\t\t<\/div>\n\t\t\t\t<\/div>\n\t\t\t\t<div class=\"elementor-element elementor-element-f5b03ee elementor-widget elementor-widget-spacer\" data-id=\"f5b03ee\" data-element_type=\"widget\" data-e-type=\"widget\" data-widget_type=\"spacer.default\">\n\t\t\t\t<div class=\"elementor-widget-container\">\n\t\t\t\t\t\t\t<div class=\"elementor-spacer\">\n\t\t\t<div class=\"elementor-spacer-inner\"><\/div>\n\t\t<\/div>\n\t\t\t\t\t\t<\/div>\n\t\t\t\t<\/div>\n\t\t\t\t\t<\/div>\n\t\t<\/div>\n\t\t\t\t<div class=\"elementor-column elementor-col-33 elementor-top-column elementor-element elementor-element-4beded6\" data-id=\"4beded6\" data-element_type=\"column\" data-e-type=\"column\">\n\t\t\t<div class=\"elementor-widget-wrap\">\n\t\t\t\t\t\t\t<\/div>\n\t\t<\/div>\n\t\t\t\t\t<\/div>\n\t\t<\/section>\n\t\t\t\t<section class=\"elementor-section elementor-top-section elementor-element elementor-element-e604314 elementor-section-boxed elementor-section-height-default elementor-section-height-default wpr-particle-no wpr-jarallax-no wpr-parallax-no wpr-sticky-section-no\" data-id=\"e604314\" data-element_type=\"section\" data-e-type=\"section\" data-settings=\"{&quot;background_background&quot;:&quot;classic&quot;,&quot;_ha_eqh_enable&quot;:false}\">\n\t\t\t\t\t\t\t<div class=\"elementor-background-overlay\"><\/div>\n\t\t\t\t\t\t\t<div class=\"elementor-container elementor-column-gap-default\">\n\t\t\t\t\t<div class=\"elementor-column elementor-col-100 elementor-top-column elementor-element elementor-element-77c2a121 elementor-invisible\" data-id=\"77c2a121\" data-element_type=\"column\" data-e-type=\"column\" data-settings=\"{&quot;animation&quot;:&quot;zoomIn&quot;}\">\n\t\t\t<div class=\"elementor-widget-wrap elementor-element-populated\">\n\t\t\t\t\t\t<div class=\"elementor-element elementor-element-329b262f elementor-widget elementor-widget-heading\" data-id=\"329b262f\" data-element_type=\"widget\" data-e-type=\"widget\" data-widget_type=\"heading.default\">\n\t\t\t\t<div class=\"elementor-widget-container\">\n\t\t\t\t\t<h2 class=\"elementor-heading-title elementor-size-default\">Eine K\u00fcche zum Anfassen<\/h2>\t\t\t\t<\/div>\n\t\t\t\t<\/div>\n\t\t\t\t<div class=\"elementor-element elementor-element-1b214036 elementor-widget__width-initial elementor-widget elementor-widget-text-editor\" data-id=\"1b214036\" data-element_type=\"widget\" data-e-type=\"widget\" data-widget_type=\"text-editor.default\">\n\t\t\t\t<div class=\"elementor-widget-container\">\n\t\t\t\t\t\t\t\t\t<p>Matte Oberfl\u00e4chen in der K\u00fcche sind voll im Trend. Denn ihre edle und moderne Optik ist ein zeitloser Hingucker. Dank der Anti-Fingerprint-Beschichtung von nobilia mu\u0308ssen Sie sich ab sofort keine Gedanken mehr um l\u00e4stige Fingerabdr\u00fccke auf Ihren Ku\u0308chenfronten machen. <\/p>\t\t\t\t\t\t\t\t<\/div>\n\t\t\t\t<\/div>\n\t\t\t\t<div class=\"elementor-element elementor-element-49034cf3 elementor-widget elementor-widget-image-carousel\" data-id=\"49034cf3\" data-element_type=\"widget\" data-e-type=\"widget\" data-settings=\"{&quot;slides_to_show&quot;:&quot;4&quot;,&quot;slides_to_show_tablet&quot;:&quot;4&quot;,&quot;slides_to_show_mobile&quot;:&quot;2&quot;,&quot;slides_to_scroll&quot;:&quot;4&quot;,&quot;slides_to_scroll_tablet&quot;:&quot;4&quot;,&quot;navigation&quot;:&quot;none&quot;,&quot;lazyload&quot;:&quot;yes&quot;,&quot;image_spacing_custom&quot;:{&quot;unit&quot;:&quot;px&quot;,&quot;size&quot;:30,&quot;sizes&quot;:[]},&quot;pause_on_hover&quot;:&quot;no&quot;,&quot;pause_on_interaction&quot;:&quot;no&quot;,&quot;autoplay&quot;:&quot;yes&quot;,&quot;autoplay_speed&quot;:5000,&quot;infinite&quot;:&quot;yes&quot;,&quot;speed&quot;:500,&quot;image_spacing_custom_tablet&quot;:{&quot;unit&quot;:&quot;px&quot;,&quot;size&quot;:&quot;&quot;,&quot;sizes&quot;:[]},&quot;image_spacing_custom_mobile&quot;:{&quot;unit&quot;:&quot;px&quot;,&quot;size&quot;:&quot;&quot;,&quot;sizes&quot;:[]}}\" data-widget_type=\"image-carousel.default\">\n\t\t\t\t<div class=\"elementor-widget-container\">\n\t\t\t\t\t\t\t<div class=\"elementor-image-carousel-wrapper swiper\" role=\"region\" aria-roledescription=\"carousel\" aria-label=\"Bild Karussell\" dir=\"ltr\">\n\t\t\t<div class=\"elementor-image-carousel swiper-wrapper\" aria-live=\"off\">\n\t\t\t\t\t\t\t\t<div class=\"swiper-slide\" role=\"group\" aria-roledescription=\"slide\" aria-label=\"1 von 8\"><figure class=\"swiper-slide-inner\"><img class=\"swiper-slide-image swiper-lazy\" data-src=\"https:\/\/mika-kuechen.de\/wp-content\/uploads\/2022\/07\/Impressionen_Anti-Fingerprint_10.jpg\" alt=\"Impressionen_Anti-Fingerprint_10\" \/><div class=\"swiper-lazy-preloader\"><\/div><\/figure><\/div><div class=\"swiper-slide\" role=\"group\" aria-roledescription=\"slide\" aria-label=\"2 von 8\"><figure class=\"swiper-slide-inner\"><img class=\"swiper-slide-image swiper-lazy\" data-src=\"https:\/\/mika-kuechen.de\/wp-content\/uploads\/2022\/07\/Impressionen_Anti-Fingerprint_11.jpg\" alt=\"Impressionen_Anti-Fingerprint_11\" \/><div class=\"swiper-lazy-preloader\"><\/div><\/figure><\/div><div class=\"swiper-slide\" role=\"group\" aria-roledescription=\"slide\" aria-label=\"3 von 8\"><figure class=\"swiper-slide-inner\"><img class=\"swiper-slide-image swiper-lazy\" data-src=\"https:\/\/mika-kuechen.de\/wp-content\/uploads\/2022\/07\/Impressionen_Anti-Fingerprint_02.jpg\" alt=\"Impressionen_Anti-Fingerprint_02\" \/><div class=\"swiper-lazy-preloader\"><\/div><\/figure><\/div><div class=\"swiper-slide\" role=\"group\" aria-roledescription=\"slide\" aria-label=\"4 von 8\"><figure class=\"swiper-slide-inner\"><img class=\"swiper-slide-image swiper-lazy\" data-src=\"https:\/\/mika-kuechen.de\/wp-content\/uploads\/2022\/07\/Impressionen_Anti-Fingerprint_04.jpg\" alt=\"Impressionen_Anti-Fingerprint_04\" \/><div class=\"swiper-lazy-preloader\"><\/div><\/figure><\/div><div class=\"swiper-slide\" role=\"group\" aria-roledescription=\"slide\" aria-label=\"5 von 8\"><figure class=\"swiper-slide-inner\"><img class=\"swiper-slide-image swiper-lazy\" data-src=\"https:\/\/mika-kuechen.de\/wp-content\/uploads\/2022\/07\/Impressionen_Anti-Fingerprint_05.jpg\" alt=\"Impressionen_Anti-Fingerprint_05\" \/><div class=\"swiper-lazy-preloader\"><\/div><\/figure><\/div><div class=\"swiper-slide\" role=\"group\" aria-roledescription=\"slide\" aria-label=\"6 von 8\"><figure class=\"swiper-slide-inner\"><img class=\"swiper-slide-image swiper-lazy\" data-src=\"https:\/\/mika-kuechen.de\/wp-content\/uploads\/2022\/07\/Impressionen_Anti-Fingerprint_07.jpg\" alt=\"Impressionen_Anti-Fingerprint_07\" \/><div class=\"swiper-lazy-preloader\"><\/div><\/figure><\/div><div class=\"swiper-slide\" role=\"group\" aria-roledescription=\"slide\" aria-label=\"7 von 8\"><figure class=\"swiper-slide-inner\"><img class=\"swiper-slide-image swiper-lazy\" data-src=\"https:\/\/mika-kuechen.de\/wp-content\/uploads\/2022\/07\/Impressionen_Anti-Fingerprint_08.jpg\" alt=\"Impressionen_Anti-Fingerprint_08\" \/><div class=\"swiper-lazy-preloader\"><\/div><\/figure><\/div><div class=\"swiper-slide\" role=\"group\" aria-roledescription=\"slide\" aria-label=\"8 von 8\"><figure class=\"swiper-slide-inner\"><img class=\"swiper-slide-image swiper-lazy\" data-src=\"https:\/\/mika-kuechen.de\/wp-content\/uploads\/2022\/07\/Impressionen_Anti-Fingerprint_09.jpg\" alt=\"Impressionen_Anti-Fingerprint_09\" \/><div class=\"swiper-lazy-preloader\"><\/div><\/figure><\/div>\t\t\t<\/div>\n\t\t\t\t\t\t\t\n\t\t\t\t\t\t\t\t\t<\/div>\n\t\t\t\t\t\t<\/div>\n\t\t\t\t<\/div>\n\t\t\t\t\t<\/div>\n\t\t<\/div>\n\t\t\t\t\t<\/div>\n\t\t<\/section>\n\t\t\t\t<\/div>\n\t\t","protected":false},"excerpt":{"rendered":"<p>Anti-Fingerprint-Beschichtung Machen Sie sich keine Gedanken mehr um l\u00e4stige Fingerabdr\u00fccke. Die angesagten Fronten der Easytouch-Serie und die Natura Eiche Montreal Nachbildung sind mit einer innovativen Oberfl\u00e4chen-Beschichtung veredelt. Auf diese Weise bleiben die Fronten l\u00e4nger sauber und lassen sich besser reinigen. Eigenschaften, die \u00fcberzeugen. Nobilia Kataloge &nbsp; &nbsp; &nbsp; &nbsp; &nbsp; &nbsp; &nbsp; &nbsp; &nbsp; &nbsp; &nbsp; &nbsp; &nbsp; &nbsp; &nbsp; &nbsp; Eine K\u00fcche zum Anfassen Matte Oberfl\u00e4chen in der K\u00fcche sind voll im Trend. Denn ihre edle und moderne Optik ist ein zeitloser Hingucker. Dank der Anti-Fingerprint-Beschichtung von nobilia mu\u0308ssen Sie sich ab sofort keine Gedanken mehr um l\u00e4stige Fingerabdr\u00fccke auf Ihren Ku\u0308chenfronten machen.<\/p>\n","protected":false},"author":1,"featured_media":0,"parent":0,"menu_order":0,"comment_status":"closed","ping_status":"closed","template":"","meta":{"footnotes":""},"class_list":["post-5650","page","type-page","status-publish","hentry"],"_links":{"self":[{"href":"https:\/\/mika-kuechen.de\/index.php?rest_route=\/wp\/v2\/pages\/5650","targetHints":{"allow":["GET"]}}],"collection":[{"href":"https:\/\/mika-kuechen.de\/index.php?rest_route=\/wp\/v2\/pages"}],"about":[{"href":"https:\/\/mika-kuechen.de\/index.php?rest_route=\/wp\/v2\/types\/page"}],"author":[{"embeddable":true,"href":"https:\/\/mika-kuechen.de\/index.php?rest_route=\/wp\/v2\/users\/1"}],"replies":[{"embeddable":true,"href":"https:\/\/mika-kuechen.de\/index.php?rest_route=%2Fwp%2Fv2%2Fcomments&post=5650"}],"version-history":[{"count":0,"href":"https:\/\/mika-kuechen.de\/index.php?rest_route=\/wp\/v2\/pages\/5650\/revisions"}],"wp:attachment":[{"href":"https:\/\/mika-kuechen.de\/index.php?rest_route=%2Fwp%2Fv2%2Fmedia&parent=5650"}],"curies":[{"name":"wp","href":"https:\/\/api.w.org\/{rel}","templated":true}]}}